ist the prime factors of 41286529.
179, 263, 877
List the prime factors of 88572277.
88572277
List the prime factors of 836571783.
3, 6163, 45247
What are the prime factors of 246789535?
5, 49357907
What are the prime factors of 937629300?
2, 3, 5, 293, 10667
List the prime factors of 428190305.
5, 17, 397, 12689
List the prime factors of 94215314.
2, 23, 2048159
What are the prime factors of 261372540?
2, 3, 5, 11, 13, 41, 743
List the prime factors of 2621896781.
7, 257, 1457419
What are the prime factors of 1174806935?
5, 234961387
List the prime factors of 1694809328.
2, 105925583
List the prime factors of 16154361.
3, 1794929
List the prime factors of 210012622.
2, 4283, 24517
What are the prime factors of 19927353?
3, 41, 162011
List the prime factors of 321485037.
3, 107161679
List the prime factors of 35864823.
3, 11954941
List the prime factors of 49819624.
2, 47, 132499
What are the prime factors of 11744843?
11, 607, 1759
List the prime factors of 2615219910.
2, 3, 5, 97, 299567
List the prime factors of 135659337.
3, 11, 17, 241817
What are the prime factors of 48117604?
2, 12029401
What are the prime factors of 2021202111?
3, 673734037
What are the prime factors of 439961694?
2, 3, 73326949
What are the prime factors of 55509112?
2, 137, 50647
List the prime factors of 2038244042.
2, 15761, 64661
List the prime factors of 365329596.
2, 3, 30444133
List the prime factors of 175236085.
5, 17, 2061601
What are the prime factors of 70936507?
70936507
List the prime factors of 5300842060.
2, 5, 107, 2477029
List the prime factors of 183066100.
2, 5, 7, 261523
List the prime factors of 1384902690.
2, 3, 5, 199, 229, 1013
List the prime factors of 1101746319.
3, 17, 1270757
What are the prime factors of 336042?
2, 3, 7, 127
What are the prime factors of 3025729315?
5, 7, 2153, 40153
What are the prime factors of 365707534?
2, 182853767
List the prime factors of 61012476.
2, 3, 7, 197, 1229
What are the prime factors of 707985834?
2, 3, 79, 1493641
What are the prime factors of 126008111?
126008111
What are the prime factors of 106080273?
3, 13, 100741
List the prime factors of 41588021.
41588021
What are the prime factors of 2242394863?
47, 241, 197969
What are the prime factors of 26431677?
3, 179, 1823
List the prime factors of 927671584.
2, 7, 4141391
What are the prime factors of 12539977?
29, 432413
What are the prime factors of 67736935?
5, 7, 1935341
What are the prime factors of 3583134017?
3931, 911507
List the prime factors of 107614896.
2, 3, 17, 43, 3067
List the prime factors of 174716760.
2, 3, 5, 1455973
List the prime factors of 171535282.
2, 85767641
What are the prime factors of 536768279?
29, 607, 30493
List the prime factors of 6090610.
2, 5, 751, 811
List the prime factors of 5092382284.
2, 11, 10521451
What are the prime factors of 192669611?
199, 239, 4051
What are the prime factors of 871014803?
871014803
What are the prime factors of 461813043?
3, 10007, 15383
List the prime factors of 1195503550.
2, 5, 1723, 13877
What are the prime factors of 87254837?
67, 239, 5449
What are the prime factors of 97107519?
3, 17, 1904069
What are the prime factors of 51541971?
3, 13, 1321589
List the prime factors of 82860290.
2, 5, 8286029
What are the prime factors of 4644092440?
2, 5, 13, 8930947
What are the prime factors of 91774013?
83, 1105711
List the prime factors of 361427241.
3, 7, 17210821
What are the prime factors of 968933390?
2, 5, 2069, 46831
List the prime factors of 569913784.
2, 11, 6476293
What are the prime factors of 882832491?
3, 17, 5770147
List the prime factors of 18076389.
3, 17, 354439
What are the prime factors of 175671650?
2, 5, 7, 11, 103, 443
List the prime factors of 216483816.
2, 3, 9020159
What are the prime factors of 388169364?
2, 3, 11, 17, 172981
List the prime factors of 12300367.
17, 723551
What are the prime factors of 92063031?
3, 701, 43777
What are the prime factors of 39609919?
39609919
What are the prime factors of 75976303?
13, 5844331
List the prime factors of 74628959.
103, 724553
List the prime factors of 504009509.
504009509
List the prime factors of 924210091.
7, 4451, 29663
List the prime factors of 150862906.
2, 75431453
What are the prime factors of 42766575?
3, 5, 570221
List the prime factors of 64492561.
7, 43, 167, 1283
What are the prime factors of 201501793?
379, 531667
List the prime factors of 682574176.
2, 21330443
What are the prime factors of 97086021?
3, 271, 119417
What are the prime factors of 407079092?
2, 7, 809, 17971
List the prime factors of 3827819625.
3, 5, 7, 173, 8429
List the prime factors of 102513609.
3, 11, 271, 3821
List the prime factors of 1133480903.
37, 43, 712433
List the prime factors of 44928868.
2, 11232217
List the prime factors of 43755776.
2, 170921
What are the prime factors of 141011539?
141011539
List the prime factors of 101193269.
31, 137, 23827
What are the prime factors of 4004570571?
3, 131, 10189747
What are the prime factors of 46306139?
11, 47, 89567
What are the prime factors of 965966782?
2, 11, 83, 529007
List the prime factors of 251607619.
251607619
List the prime factors of 93613253.
1171, 79943
What are the prime factors of 206191282?
2, 11, 9372331
What are the prime factors of 664443888?
2, 3, 47, 294523
List the prime factors of 19234821.
3, 19, 337453
What are the prime factors of 2233833789?
3, 11, 43, 1574231
What are the prime factors of 3958223?
37, 106979
What are the prime factors of 1363805744?
2, 7, 12176837
List the prime factors of 23955230.
2, 5, 13, 184271
What are the prime factors of 226971897?
3, 75657299
List the prime factors of 1405910580.
2, 3, 5, 67, 349729
What are the prime factors of 1071350298?
2, 3, 7673, 7757
List the prime factors of 6614578238.
2, 19937, 165887
What are the prime factors of 319086952?
2, 1091, 36559
List the prime factors of 813456528.
2, 3, 17, 996883
List the prime factors of 1187338759.
1187338759
What are the prime factors of 5079312961?
5079312961
List the prime factors of 1559457481.
17, 821, 111733
What are the prime factors of 57501021?
3, 17, 163, 6917
List the prime factors of 233640193.
233640193
What are the prime factors of 6482765642?
2, 11887, 272683
What are the prime factors of 305189539?
305189539
List the prime factors of 1361699124.
2, 3, 113474927
List the prime factors of 1441336192.
2, 29, 97, 4003
List the prime factors of 765239686.
2, 163, 2347361
List the prime factors of 74206525.
5, 2968261
What are the prime factors of 58903650?
2, 3, 5, 13, 10069
What are the prime factors of 24854645?
5, 43, 115603
List the prime factors of 153651748.
2, 31, 1239127
List the prime factors of 951708897.
3, 31, 3411143
What are the prime factors of 206680074?
2, 3, 34446679
List the prime factors of 39246494.
2, 7, 1627, 1723
What are the prime factors of 3629141080?
2, 5, 53, 1711859
List the prime factors of 698854045.
5, 47, 109, 27283
What are the prime factors of 86997094?
2, 47, 925501
What are the prime factors of 2099075955?
3, 5, 139938397
List the prime factors of 2701192853.
97, 27847349
What are the prime factors of 4059642195?
3, 5, 7, 12887753
List the prime factors of 105826557.
3, 35275519
List the prime factors of 334490562.
2, 3, 7, 541, 701
What are the prime factors of 51085486?
2, 25542743
What are the prime factors of 395858802?
2, 3, 53, 1244839
List the prime factors of 1861821999.
3, 206869111
List the prime factors of 1113902081.
83, 2657, 5051
List the prime factors of 221772268.
2, 59, 939713
List the prime factors of 549701804.
2, 137425451
What are the prime factors of 28709168?
2, 1794323
What are the prime factors of 147161738?
2, 43, 541, 3163
List the prime factors of 2980700338.
2, 7, 11, 17, 66973
List the prime factors of 2075599614.
2, 3, 11, 31448479
What are the prime factors of 27388402?
2, 13694201
What are the prime factors of 383264349?
3, 13, 89, 110419
What are the prime factors of 3234800813?
37, 617, 141697
What are the prime factors of 2084236822?
2, 17, 3533, 17351
What are the prime factors of 119386483?
263, 373, 1217
What are the prime factors of 3559059950?
2, 5, 59, 1206461
List the prime factors of 47295894.
2, 3, 31, 254279
List the prime factors of 6033382259.
5801, 1040059
List the prime fact